{"id":220,"date":"2019-07-23T21:25:36","date_gmt":"2019-07-23T21:25:36","guid":{"rendered":"https:\/\/rwarquitectos.com\/?page_id=220"},"modified":"2020-01-30T13:55:59","modified_gmt":"2020-01-30T13:55:59","slug":"nosotros","status":"publish","type":"page","link":"https:\/\/rwarquitectos.com\/index.php\/nosotros\/","title":{"rendered":"Nosotros"},"content":{"rendered":"[vc_row type=\u00bbfull_width_background\u00bb full_screen_row_position=\u00bbmiddle\u00bb column_margin=\u00bbdefault\u00bb bg_image=\u00bb189&#8243; bg_position=\u00bbleft center\u00bb bg_repeat=\u00bbno-repeat\u00bb full_height=\u00bbyes\u00bb scene_position=\u00bbcenter\u00bb text_color=\u00bblight\u00bb text_align=\u00bbleft\u00bb enable_gradient=\u00bbtrue\u00bb color_overlay=\u00bb#273446&#8243; color_overlay_2=\u00bbrgba(0,0,0,0.01)\u00bb gradient_direction=\u00bbleft_t_to_right_b\u00bb overlay_strength=\u00bb0.8&#8243; shape_divider_position=\u00bbbottom\u00bb bg_image_animation=\u00bbnone\u00bb parallax_bg=\u00bbtrue\u00bb parallax_bg_speed=\u00bbfast\u00bb shape_type=\u00bb\u00bb][vc_column column_padding=\u00bbpadding-15-percent\u00bb column_padding_position=\u00bbtop-bottom\u00bb background_color_opacity=\u00bb1&#8243; background_hover_color_opacity=\u00bb1&#8243; column_link_target=\u00bb_self\u00bb column_shadow=\u00bbnone\u00bb column_border_radius=\u00bbnone\u00bb width=\u00bb1\/1&#8243; tablet_width_inherit=\u00bbdefault\u00bb tablet_text_alignment=\u00bbdefault\u00bb phone_text_alignment=\u00bbdefault\u00bb overlay_strength=\u00bb0.3&#8243; column_border_width=\u00bbnone\u00bb column_border_style=\u00bbsolid\u00bb bg_image_animation=\u00bbnone\u00bb][vc_column_text]\n<p style=\"text-align: justify;\">Desde 1993 brindamos un servicio integral de Arquitectura, Planeamiento y Construcci\u00f3n que comprende la Direcci\u00f3n de Obra, el Gerenciamiento y la atenci\u00f3n de todos los aspectos comerciales y financieros de los emprendimientos.<\/p>\n<p>Abarcamos un amplio espectro de programas, desde viviendas unifamiliares y plurifamiliares, proyectos industriales, comerciales e institucionales, de mediana y gran escala, tanto en Argentina como en el exterior.<\/p>\n<p style=\"text-align: justify;\">Desde hace unos a\u00f1os comenzamos a operar como Desarrolladores, lo que nos diferencia y nos da un nuevo perfil como estudio. Somos un socio estrat\u00e9gico en la planificaci\u00f3n de emprendimientos inmobiliarios.<\/p>\n<p style=\"text-align: justify;\">Incorporamos en forma permanente nuevos materiales y tecnolog\u00edas, e incursionamos en asociaciones estrat\u00e9gicas para abordar proyectos espec\u00edficos.<\/p>\n<p style=\"text-align: justify;\">Nuestra visi\u00f3n integral del proyecto nos permite acompa\u00f1ar a nuestros clientes durante todo el proceso y atender sus necesidades para lograr un producto final exitoso.<\/p>\n<p style=\"text-align: justify;\">Nuestra larga experiencia en el desarrollo de este tipo de negocios e inversiones tanto en el \u00e1mbito local como en el internacional, nos ha permitido crecer y posicionarnos en diferentes mercados.<\/p>\n<p style=\"text-align: right;\">Arq. Ricardo Weinstein<\/p>\n[\/vc_column_text][\/vc_column][\/vc_row]\n","protected":false},"excerpt":{"rendered":"<p>[vc_row type=\u00bbfull_width_background\u00bb full_screen_row_position=\u00bbmiddle\u00bb column_margin=\u00bbdefault\u00bb bg_image=\u00bb189&#8243; bg_position=\u00bbleft center\u00bb bg_repeat=\u00bbno-repeat\u00bb full_height=\u00bbyes\u00bb scene_position=\u00bbcenter\u00bb text_color=\u00bblight\u00bb text_align=\u00bbleft\u00bb enable_gradient=\u00bbtrue\u00bb color_overlay=\u00bb#273446&#8243; color_overlay_2=\u00bbrgba(0,0,0,0.01)\u00bb gradient_direction=\u00bbleft_t_to_right_b\u00bb overlay_strength=\u00bb0.8&#8243; shape_divider_position=\u00bbbottom\u00bb bg_image_animation=\u00bbnone\u00bb parallax_bg=\u00bbtrue\u00bb parallax_bg_speed=\u00bbfast\u00bb shape_type=\u00bb\u00bb][vc_column column_padding=\u00bbpadding-15-percent\u00bb column_padding_position=\u00bbtop-bottom\u00bb background_color_opacity=\u00bb1&#8243; background_hover_color_opacity=\u00bb1&#8243; column_link_target=\u00bb_self\u00bb column_shadow=\u00bbnone\u00bb column_border_radius=\u00bbnone\u00bb width=\u00bb1\/1&#8243;&#8230;<\/p>\n","protected":false},"author":1,"featured_media":0,"parent":0,"menu_order":0,"comment_status":"closed","ping_status":"closed","template":"","meta":[],"_links":{"self":[{"href":"https:\/\/rwarquitectos.com\/index.php\/wp-json\/wp\/v2\/pages\/220"}],"collection":[{"href":"https:\/\/rwarquitectos.com\/index.php\/wp-json\/wp\/v2\/pages"}],"about":[{"href":"https:\/\/rwarquitectos.com\/index.php\/wp-json\/wp\/v2\/types\/page"}],"author":[{"embeddable":true,"href":"https:\/\/rwarquitectos.com\/index.php\/wp-json\/wp\/v2\/users\/1"}],"replies":[{"embeddable":true,"href":"https:\/\/rwarquitectos.com\/index.php\/wp-json\/wp\/v2\/comments?post=220"}],"version-history":[{"count":33,"href":"https:\/\/rwarquitectos.com\/index.php\/wp-json\/wp\/v2\/pages\/220\/revisions"}],"predecessor-version":[{"id":1576,"href":"https:\/\/rwarquitectos.com\/index.php\/wp-json\/wp\/v2\/pages\/220\/revisions\/1576"}],"wp:attachment":[{"href":"https:\/\/rwarquitectos.com\/index.php\/wp-json\/wp\/v2\/media?parent=220"}],"curies":[{"name":"wp","href":"https:\/\/api.w.org\/{rel}","templated":true}]}}

[vc_row type=»full_width_background» full_screen_row_position=»middle» column_margin=»default» bg_image=»189&#8243; bg_position=»left center» bg_repeat=»no-repeat» full_height=»yes» scene_position=»center» text_color=»light» text_align=»left» enable_gradient=»true» color_overlay=»#273446&#8243; color_overlay_2=»rgba(0,0,0,0.01)» gradient_direction=»left_t_to_right_b» overlay_strength=»0.8&#8243; shape_divider_position=»bottom» bg_image_animation=»none» parallax_bg=»true» parallax_bg_speed=»fast» shape_type=»»][vc_column column_padding=»padding-15-percent» column_padding_position=»top-bottom» background_color_opacity=»1&#8243; background_hover_color_opacity=»1&#8243; column_link_target=»_self» column_shadow=»none» column_border_radius=»none» width=»1/1&#8243; tablet_width_inherit=»default» tablet_text_alignment=»default» phone_text_alignment=»default» overlay_strength=»0.3&#8243; column_border_width=»none» column_border_style=»solid» bg_image_animation=»none»][vc_column_text]
<p style="text-align: justify;">Desde 1993 brindamos un servicio integral de Arquitectura, Planeamiento y Construcción que comprende la Dirección de Obra, el Gerenciamiento y la atención de todos los aspectos comerciales y financieros de los emprendimientos.</p>
<p>Abarcamos un amplio espectro de programas, desde viviendas unifamiliares y plurifamiliares, proyectos industriales, comerciales e institucionales, de mediana y gran escala, tanto en Argentina como en el exterior.</p>
<p style="text-align: justify;">Desde hace unos años comenzamos a operar como Desarrolladores, lo que nos diferencia y nos da un nuevo perfil como estudio. Somos un socio estratégico en la planificación de emprendimientos inmobiliarios.</p>
<p style="text-align: justify;">Incorporamos en forma permanente nuevos materiales y tecnologías, e incursionamos en asociaciones estratégicas para abordar proyectos específicos.</p>
<p style="text-align: justify;">Nuestra visión integral del proyecto nos permite acompañar a nuestros clientes durante todo el proceso y atender sus necesidades para lograr un producto final exitoso.</p>
<p style="text-align: justify;">Nuestra larga experiencia en el desarrollo de este tipo de negocios e inversiones tanto en el ámbito local como en el internacional, nos ha permitido crecer y posicionarnos en diferentes mercados.</p>
<p style="text-align: right;">Arq. Ricardo Weinstein</p>
[/vc_column_text][/vc_column][/vc_row]
